me?
False
Let z = 8 + -15. Is (-256 - z)/(-1 - (1 + -1)) a prime number?
False
Let y(k) = 1821*k**2 + 5*k + 39. Is y(-3) prime?
False
Let q(k) = k**2 - 10*k + 6. Let l be q(11). Let c = 19 - l. Is (c + -2)/(-3) + 177 composite?
True
Is ((-148311)/108)/((-3)/4) prime?
True
Let z(b) be the second derivative of 5*b**4/8 + b**3/3 + b**2/2 - 2*b. Let r(v) be the first derivative of z(v). Is r(5) a prime number?
False
Suppose -2*g + g = 0. Let x be 3/(g + -1 + 2). Suppose x*k = -5*z + 246, 163 = -k + 3*k + 3*z. Is k a composite number?
True
Let a be (6/(-30) - 3/10)*-2. Is 5/a + (72 - -32) composite?
False
Is (0 + 1)/((-17)/(-426139)) a prime number?
False
Suppose -3*t + 4*x = 40 + 15, -t + 2*x - 17 = 0. Is (7/t)/(-1*2/3798) a prime number?
False
Suppose z - 5*g + 16210 = 45199, 2*g = -5*z + 144891. Is z prime?
True
Is 3457/(-5)*1320/(-24) a prime number?
False
Let g(c) = 3*c**2 - 19*c - 31. Let w(i) = -i**2 + 9*i + 16. Let x(s) = 3*g(s) + 5*w(s). Is x(12) prime?
True
Suppose 2*n + 0*n = u + 1, -u = 4*n + 1. Suppose n = 4*h + 1 - 21. Suppose 488 = 4*b + 5*t, 7 = h*t + 27. Is b a composite number?
False
Let r = 16832 + -9829. Is r composite?
True
Let j = -11504 + 2479. Let o = -6086 - j. Is o a prime number?
True
Let t(h) = -285*h + 44. Is t(-37) prime?
True
Let m(y) be the second derivative of y**4/12 - y**3/3 + 3*y**2/2 - y. Suppose -4*x = -v - 19, 5*v = 4*x - 31 - 0. Is m(x) a composite number?
False
Suppose -18 = -5*o - 2*l, 0 = -o - 2*o + l + 2. Is 7*((-662)/3)/(o/(-3)) a prime number?
False
Let d be (-5 + 8)*160/(-6). Let l = 258 + d. Is l composite?
True
Suppose -m = 1, -121 = -k + 4*m - 3*m. Let z = 39 + k. Is z composite?
True
Let c(l) = -145*l**3 + 2*l**2 + 7*l + 31. Is c(-3) a prime number?
True
Suppose -x - 16 = -20. Let w = 1 + x. Suppose -3*i = -w*i + 422. Is i a prime number?
True
Let d(r) = 6*r + 4*r + 5*r**2 - 4*r**2 + 9. Let w be d(-9). Suppose 3*z = 2*c + 2599, w*z - 2*z + 1746 = 2*c. Is z composite?
True
Let d(t) = -t + 17. Let r be d(13). Let p(u) = -u**2 + 4*u + 4. Let m be p(r). Suppose -m*j + 0*j = -4244. Is j a composite number?
False
Let b be (2 - 5 - -5547) + -1. Let d = b - 2814. Is d a prime number?
True
Suppose -p = -3*f + 2, -2*p - f - 14 = -6*p. Suppose -5*m - 5*h + 162 + 713 = 0, -p*h = 5*m - 879. Is m prime?
True
Let v be (1/2)/(17/170). Let y(h) = 353*h - 11. Is y(v) a prime number?
False
Suppose 3*i = -i + 1996. Is i a composite number?
False
Let m be (-3 + (-27)/5)*245. Let i = -587 - m. Suppose -3*s - i = -8*s + a, -5*a - 1160 = -4*s. Is s composite?
True
Let d be -6*((-7)/2 + 3). Suppose -17 = -4*a + d. Suppose 5*x + a = 1030. Is x a composite number?
True
Suppose 2*i + 518 = c, 2*i - i = -4*c - 277. Is (-5 - -3)/(6/i) + 0 composite?
True
Suppose 1145 + 1119 = 4*z + u, -1114 = -2*z - 5*u. Let b = 854 - z. Is b composite?
True
Let r(t) = 3*t**2 - t + 10. Let x be r(16). Suppose -x = -10*a + 4*a. Is a composite?
False
Let k be ((-232)/(-5))/((-6)/(-135)). Suppose 0 = -4*m, -f - 2*m + k = 137. Is f a composite number?
False
Is -5*(11 + 578412/(-45)) composite?
True
Let x(t) = t**3 - 21*t**2 - 6*t + 27. Let p be x(21). Let h = -10 - p. Is h composite?
False
Suppose -40*a = -48*a + 56552. Is a a prime number?
True
Suppose 0 = -o - r + 168, 0*o = -2*o + 5*r + 357. Suppose -o = -4*c + 413. Is c prime?
False
Let s(q) = 15231*q**2 - 14*q + 14. Is s(1) a prime number?
False
Suppose 9*n = 112142 - 8471. Is n a prime number?
True
Suppose -f + 2*z + 12 = 0, -4*f + 8*z = 4*z - 40. Let y(c) = c**3 - 3*c**2 - c + 7. Is y(f) a composite number?
True
Let x(q) = 13*q + 7 + 4*q**2 + q**3 - 6*q + 2*q**2. Let l be x(-5). Is l + 102 - (-4)/(-2) a prime number?
True
Suppose -66*g = -78*g + 74268. Is g a composite number?
True
Suppose 211*r = 220*r - 38574. Is r a composite number?
True
Suppose 118*g + 232033 = 135*g. Is g a composite number?
False
Let z be (38/57)/(-2 + 19/9). Is 2 + -6 + z + 527 composite?
True
Let a(u) = 4*u**2 - 2. Let n be -10*(12/(-8) + 1). Suppose -1 = y - n. Is a(y) prime?
False
Let x(h) = -h + 24. Let y be x(8). Let d = y - -3083. Is d a prime number?
False
Is -1 - (0 - 0) - (-4407 - 3) a prime number?
True
Let c be 595 + 1 - (4 + -6). Let g = 855 - c. Is g prime?
True
Suppose -3*d + 11*d = 16. Suppose g - u = -d*g + 991, 4*g - 1326 = -u. Is g prime?
True
Suppose -4*m + 32 = 2*x, 2*m + 0*m = x. Suppose x*q - 933 = 5*q. Is q a prime number?
True
Let f(s) = -s**3 - 9*s**2 + 2*s - 22. Let n be (-8)/(-10) + 432/(-40). Let t be f(n). Suppose t + 1064 = 6*j. Is j prime?
False
Let p(i) = 2*i**3 + i**2 - 3*i + 997. Is p(0) a prime number?
True
Suppose 4*p + 3*j + 2*j = -10, 0 = -5*p + 3*j + 6. Let l be 21 + 6/(p + 2). Is (42/l)/((-2)/(-232)) a composite number?
True
Suppose 0 = 5*k - 5*o - 4810, 3*k + 0*o - 2886 = o. Let d be (1 + 1)*-223 - 1. Let q = k + d. Is q composite?
True
Let c(o) = o**3 + 68*o**2 + 188*o - 151. Is c(-64) a prime number?
True
Suppose 27 - 19 = 2*j. Suppose -j*i + 715 + 521 = 0. Is i a prime number?
False
Let n be (-8)/(-12)*45/(-6). Let j be (-21)/35*(0 + n). Suppose -5*y - 105 = -j*m - 456, 0 = 5*y + 2*m - 341. Is y composite?
True
Let o be (-105)/6*228/10. Let q = 1286 + o. Is q prime?
True
Let n = 8791 + -5502. Suppose 7*f + n = 11556. Is f prime?
True
Let z(l) = -8*l + 294. Let c be z(37). Suppose 2*k = 8, -3*b - 2*k - 168 = b. Is (-1 + 2)*b/c prime?
False
Is -593*10/(8/((-20)/5)) a prime number?
False
Suppose g - 2 = -0. Suppose -f = -2*f - 5*t + 54, 0 = 3*f - g*t - 213. Is f + (-6 - (-2 + -2)) a prime number?
True
Suppose -l + 69 + 233 = 0. Is l prime?
False
Suppose -5*d + 72 = -d. Let k = d + -13. Is (7 - k)*382/4 a composite number?
False
Let a(l) = 11*l - 476 - 11*l + 1363 + l**2. Is a(0) composite?
False
Let t = -3 - 0. Let j = t - 0. Let a(b) = -13*b**3 + 3*b**2 + b + 2. Is a(j) a composite number?
True
Let v be (-11)/(-4) - (-11)/44. Suppose v*p - 8*p + 530 = 0. Is p a prime number?
False
Suppose m + 4*i - 32 = 0, 5*i = 4*m - 9 - 119. Suppose 5*j - z - 90 = 2*z, 2*j = 2*z + m. Suppose 0 = 5*d + j + 4, 4*d = 4*q - 1944. Is q composite?
True
Is 96524/(-1180)*(-1 - 184) composite?
True
Let p = 1038 - 575. Let d = 792 - p. Is d composite?
True
Let k(g) = 156*g + 137*g + 48*g - 14. Is k(3) prime?
True
Let x(v) = -2*v**3 - 2*v + 2. Let w be x(2). Let u = -16 - w. Suppose 64 = u*s - 38. Is s a prime number?
False
Suppose 0*m = 3*m - 2*o, -4*m = -3*o + 1. Let i(f) = 11*f**2 - 5*f + 7. Let k(c) = -16*c**2 + 8*c - 11. Let v(w) = 8*i(w) + 5*k(w). Is v(m) a prime number?
False
Let n(v) = 10*v**2 - 5. Let c be n(2). Let k = c + 27. Is k composite?
True
Let i = 83 + -50. Let o(y) = 9*y - 4. Is o(i) prime?
True
Let l(d) be the second derivative of d**5/5 - d**4/4 + 5*d**3/6 + d**2 - d. Let i be l(4). Let x = -141 + i. Is x prime?
True
Let p = 2170 + 5077. Suppose -p - 965 = -4*d. Is d prime?
True
Suppose 43*j - 40*j = 33447. Is j a composite number?
False
Suppose 0 = 4*o + x + 4*x - 1043, -3*o + 787 = -x. Let p = -147 + o. Is p prime?
False
Let b = -23 + 25. Suppose -2*y - 5*k - 5 = -0, -4*y - 3*k = -11. Suppose -b*g = -5*a + 469 + 90, y*a = -g + 553. Is a prime?
False
Suppose r - 2*x = -7*x + 742, -5*x - 3068 = -4*r. Suppose -3*n = -r - 243. Is n prime?
False
Let z(a) = a**3 - 5*a**2 - 16*a + 18. Let q be z(7). Suppose -5*b - 20806 = -q*s + 1227, 27536 = 5*s - b. Is s prime?
True
Let b = -7359 + 18488. Is b composite?
True
Let w(z) = 310*z + 15. Is w(4) prime?
False
Suppose -19*i + 57448 = -17*i. Is 5*(i/60 + 4/(-30)) composite?
False
Let h = -1135 - -6771. Suppose -5*w - h = -9*w. Is w a composite number?
False
Let y = 6152 - 1873. Is y a prime number?
False
Let c be (-3)/1 + (2 - -4). Let u be (110/c)/((-1)/3). Is (34/(-4))/(5/u) a prime number?
False
Let q(n) = 12*n**2 - 8*n - 3. Let o(j) = j**2 + 2*j - 6. Let i be o(-6). Let g be (-4)/i - (-280)/45. Is q(g) a composite number?
True
Let v(t) = -t**2 + 1. Let s be v(2). Let z = 146 - s. Is z prime?
True
Suppose -7*d + 12*d + 1420 = 0. Is (d/8)/(7/(-14)) a composite number?
False
Let g(k) = -2*k**3 + 5*k + 22. Let d be 14*-2*(-1)/(-4). Is g(d) prime?
True
Let f = -1428 + -1416. Let b = f + 4798. Is b composite?
True
Suppose 0 = -o + 4*p - 13, 0 = 5*o - 4*p + 10 + 7. Let h(r) = -955*r**3 - r**2 - 3*r - 2. Is h(o) a composite number?
True
Supp